q*d. List the prime factors of d.
17
Let o = -163 - -752. What are the prime factors of o?
19, 31
Suppose 2*h + 2*k - 134 = 0, -5*k = -k - 20. Let i = 91 - h. List the prime factors of i.
29
Let m(a) = -a**3 + 9*a**2 - a + 6. Suppose -28 + 52 = 3*p. List the prime factors of m(p).
2, 31
Let o = -12 + 13. Suppose 5*s + o = 11. Suppose -s*z = -z - 3. List the prime factors of z.
3
What are the prime factors of 1 + 9 + -22 + 1004?
2, 31
Let t(c) = c**3 + 6*c**2 - 7*c - 4. Let a be t(-7). Let p be a/14 + 46/14. List the prime factors of 4/p*(-66)/(-4).
2, 11
Let l(w) = 2*w**3 - 11*w**2 - 4*w - 9. Let q be l(6). Suppose 3*t = -10*f + 6*f + 292, 0 = -3*f + q. What are the prime factors of t?
2, 3
Let r be 3 + (4 + -2)*2. Suppose r*d = d + 138. What are the prime factors of d?
23
Let a(b) = -11 - 6*b + 2*b - 2 - 3*b. What are the prime factors of a(-7)?
2, 3
Suppose 2032 = m + u, 2*m - 2*u - 1255 = 2825. List the prime factors of m.
2, 509
List the prime factors of (-7893)/(-2) - (-6 - (-78)/12).
2, 1973
Suppose -2*w = 5*w - 14. Suppose 0 = 2*c - 5*c + 4*z + 233, 2*c + w*z = 132. List the prime factors of c.
71
Suppose 0*a = 5*t - 2*a - 16, 0 = -3*t - 5*a + 22. Let d be 702/8 + (-3)/t. Suppose -4*i = -i - d. What are the prime factors of i?
29
Let l be -7 + 1 + 3 + (-8)/(-2). What are the prime factors of ((-196)/8 - l)*12/(-9)?
2, 17
Let f(p) = -p**2 + 2*p + 235. Let w be f(0). Let v = w + -127. List the prime factors of v.
2, 3
Suppose 12 = 3*h + 4*l, -l = -5*l. Suppose 5*j - 558 = -0*j + i, h*i = 4*j - 456. List the prime factors of j.
3, 37
Let z be 22/((1 - 3)/(-1)). Let s = 45 + z. List the prime factors of s.
2, 7
Let x(c) = -170*c + 130. What are the prime factors of x(-3)?
2, 5
Let j(q) = 3*q**3 - q + 1. Let z be j(1). Let c = 9 + z. Suppose -c - 8 = -2*u. What are the prime factors of u?
2, 5
Let j(o) be the third derivative of 7/24*o**4 - 2/3*o**3 - 1/120*o**6 - 1/15*o**5 + 0*o + 0 - 11*o**2. What are the prime factors of j(-6)?
2, 13
Suppose -28*y = -27*y - 11. Let s(u) = 10*u - 13. What are the prime factors of s(y)?
97
Suppose -84*t = -34435 - 380021. What are the prime factors of t?
2, 2467
Suppose -3*g + z + 155 = 65, 5*g - 148 = z. Let u = -36 + g. Let c(p) = -p**3 - 5*p**2 + 9*p - 9. List the prime factors of c(u).
2, 13
Suppose -17*u + 6*u + 1628 = 0. What are the prime factors of u?
2, 37
Suppose -35*i + 1860 = -25*i. List the prime factors of i.
2, 3, 31
Suppose 0 = -k + 2*m - 10, -18 + 46 = -5*k - m. Let q be 26/4 + k/4. What are the prime factors of q/30 - 125/(-6)?
3, 7
Let c(y) = 14*y + 2*y**2 - 5*y**2 + 2*y**2 + 5. Let i be c(10). List the prime factors of (i/20)/((-9)/(-24)).
2, 3
Suppose 2*y = 3*y - 6. Suppose y = 5*w + 1. Let v(t) = 15*t**3 + t**2 + t - 1. List the prime factors of v(w).
2
Let y(i) = 2*i**2 - 7*i. Let z be y(-2). Suppose z*s - 432 = 19*s. What are the prime factors of s?
2, 3
Let n = -39 - 265. Let p be n/(-6)*12/8. Suppose -3*q = -2*y - 67, -2*q - 2*q = 4*y - p. List the prime factors of q.
3, 7
Suppose -3*p - 260 + 2 = -2*j, -327 = 4*p + 3*j. What are the prime factors of (18/12)/((-2)/p)?
3, 7
Let k = 4 + 0. Suppose 7*v - 3 = k*v, -w + 2*v + 3 = 0. Suppose w*b = 37 + 63. What are the prime factors of b?
2, 5
Let d = -32 + 38. Let y(w) = 4*w**2 - 7*w + 5. What are the prime factors of y(d)?
107
Suppose 2*g + 7 = 7*q - 4*q, 5*g = 4*q. Suppose -7*d - q*d + 1272 = 0. What are the prime factors of d?
2, 53
Let a(r) = 16*r**3 - 23*r**2 + 10*r + 8. What are the prime factors of a(6)?
2, 337
Let o(i) = i**2 - 15*i - 16. Let s be o(11). Let d = 123 + s. List the prime factors of d.
3, 7
What are the prime factors of (-3 + 28/8)/(4/4704)?
2, 3, 7
Suppose 136 = -31*x + 32*x. What are the prime factors of x?
2, 17
Suppose 3*v + v = -40. Suppose 2*a - 90 = 7*a. Let g = v - a. List the prime factors of g.
2
Suppose 7*c - 2872 - 11114 = 0. What are the prime factors of c?
2, 3, 37
Let l be 2 + 1865/(25/5). Suppose 3*v - l = -2*v. List the prime factors of v.
3, 5
Suppose 4*k - 1484 + 64 = 2*n, 0 = 2*k + 2*n - 710. What are the prime factors of k?
5, 71
Let f be (-22)/(-33) - (-206)/(-3). Let z = -41 - f. List the prime factors of z.
3
What are the prime factors of 10*7/140 - (-733)/2?
367
Suppose -l + 62 = l. Suppose -4*f - l = 5. What are the prime factors of (-29)/f - 16/72?
3
Let z be 1/(3/(-12)) + -6. List the prime factors of ((-8)/(-2))/(z/(-105)).
2, 3, 7
Let b be (-1)/(-3 - 464/(-154)). What are the prime factors of 2/(-11) - 2170/b?
2, 7
What are the prime factors of (-22)/121 - 112742/(-77)?
2, 3, 61
Suppose p - 3*v = 148, 3*v = 4*p - 0*p - 556. Suppose -3*n + p = 5*n. What are the prime factors of n?
17
Suppose 5*m + 1 = x - 0, 2*m + 3 = 3*x. Suppose 5 + m = n, -4*z = 2*n - 410. List the prime factors of z.
2, 5
Suppose 5*u + 2*j - 11902 = 0, u - 1669 = 2*j + 721. List the prime factors of u.
2, 3, 397
Suppose t + 935 = 2*p, p = -5*t - 4 + 444. What are the prime factors of p?
3, 5, 31
Let w = 252 - 180. Suppose -5*c + 21 = 2*i, 0 = 4*i + i + 5*c - 30. Suppose o - w = -i*o. What are the prime factors of o?
2, 3
Let u be -1*30*(-2)/6. Let w be -10 + u + (-15)/(-1). Suppose 2*q - 3*q = -w. What are the prime factors of q?
3, 5
Suppose 5*m + 25 + 30 = 0. What are the prime factors of (-2)/m + (-4348)/(-44)?
3, 11
Let g(w) = 16*w**2 - 15*w - 82. What are the prime factors of g(-9)?
19, 71
Let m(r) = 24*r + 27. Let u be m(-9). Let s = -154 - u. List the prime factors of s.
5, 7
Let d(p) = -p**3 - 3 + 2 + 6*p**2 - 6*p + 2*p**3 - 2. Let j be d(-6). Suppose -2*g + j = b, b - 6*g = -g + 12. What are the prime factors of b?
3
List the prime factors of 6868/(-16)*-2*1*2.
17, 101
Suppose 2 = f + 7. What are the prime factors of (-1)/f - (-516)/20?
2, 13
Suppose -5*p - 10 = -5*v, -2*v - 5*p + 3*p = 0. Let n(t) = 24*t + 2. What are the prime factors of n(v)?
2, 13
Suppose 3254*g = 3245*g + 24102. List the prime factors of g.
2, 13, 103
Suppose 0*c - 2*c + 1165 = 3*b, 0 = -5*c - 3*b + 2917. List the prime factors of c.
2, 73
Let u = 1440 - 784. What are the prime factors of u?
2, 41
Let o(r) = -30*r + 3. Let t be o(-3). Let l = 193 - t. Suppose l = g + 3*g. What are the prime factors of g?
5
Suppose 153*h - 158*h = -1740. List the prime factors of h.
2, 3, 29
Suppose -3*h = 3 - 0, k + 3*h + 117 = 0. Let a = 178 + k. What are the prime factors of a?
2
Suppose 0 = 3*z + 2*n + 29, 0 = 4*z + n - 5 + 42. Let g be (z/(-3) - 10)*-1. List the prime factors of g - (3 - (2 - 2)).
2
Suppose n = 4*n - 15. Suppose n*h = 4*h + 4*q + 53, q = 4*h - 272. List the prime factors of h.
3, 23
Suppose 5*m - 3*l = 1662, 2*l - 84 = 3*m - 1082. What are the prime factors of m?
2, 3, 5, 11
List the prime factors of (-2524)/6*(-90)/60.
631
Suppose 3*k + 4*x + 204 + 825 = 0, 3*k - 2*x = -1011. Let h = -571 - k. List the prime factors of 2/6 - h/24.
2, 5
Suppose 4 = -4*c - 0*c - 3*d, -2*c - 5*d = -12. Let n(h) be the second derivative of h**4/12 - h**3/2 + h**2 + 25*h. List the prime factors of n(c).
2, 3, 5
Let b = -1121 - -1582. List the prime factors of b.
461
Suppose 5076 = 5*k + n, 3*n + 1237 + 790 = 2*k. What are the prime factors of k?
5, 7, 29
Suppose 2*x - 27 = 3*c, -4*x + 0*x - 45 = 3*c. Let f = -52 - -82. Let n = c + f. What are the prime factors of n?
19
List the prime factors of 294/8 + 26/104.
37
What are the prime factors of (36/42)/((-6)/(-2226))?
2, 3, 53
Let d = -1429 + 2510. List the prime factors of d.
23, 47
What are the prime factors of -3578*(-14)/8*2/7?
1789
Suppose 3*h = 9*h + 84. Let t(u) = u**3 + 13*u**2 - 25*u + 17. What are the prime factors of t(h)?
3, 19
Suppose -2*f - 4 = -3*f. Suppose f*z - 343 - 37 = 0. What are the prime factors of z?
5, 19
Suppose -2 = 5*s + 3, 0 = 2*n - 2*s - 6. Suppose -n*t + 126 = 4. Suppose -7 = 2*r - t. What are the prime factors of r?
3
Let k(c) = c - 23 + 101 - 30 - 32. What are the prime factors of k(-7)?
3
Let p be (-4)/6*(-3 + -3). Suppose -3 = -p*o + 13. Suppose u = -4, -o*u + 5 = m + 14. List the prime factors of m.
7
Let i = -2 - -4. Suppose 12 = 7*m - 37. Suppose 0 = -5*j - i*r + 35, r - 8 = -2*j + m. What are the prime factors of j?
5
Let r(l) = 2*l**2 - 6*l + 4. Let v = -11 - -20. Let o = 13 - v. List the prime factors of r(o).
2, 3
Suppose -2024 + 15592 = 16*a. What are the p